f 58 and 29?
29
Calculate the highest common factor of 231 and 165.
33
Calculate the greatest common factor of 1105 and 520.
65
Calculate the greatest common divisor of 79 and 79.
79
Calculate the highest common factor of 378 and 972.
54
Calculate the highest common divisor of 17312 and 16.
16
Calculate the highest common factor of 1939 and 12742.
277
Calculate the greatest common divisor of 34 and 2074.
34
Calculate the highest common factor of 3060 and 36.
36
What is the highest common divisor of 174 and 1856?
58
Calculate the highest common divisor of 36 and 2724.
12
What is the greatest common factor of 28 and 18718?
14
What is the greatest common factor of 2000 and 64?
16
Calculate the highest common factor of 45 and 117.
9
Calculate the highest common factor of 176 and 128.
16
Calculate the greatest common factor of 90 and 63.
9
What is the highest common factor of 13 and 416?
13
What is the highest common divisor of 51 and 8143?
17
Calculate the highest common divisor of 46 and 3220.
46
Calculate the greatest common divisor of 308 and 28.
28
What is the highest common divisor of 161 and 207?
23
Calculate the highest common divisor of 89 and 1780.
89
Calculate the greatest common divisor of 234 and 572.
26
What is the highest common divisor of 213 and 142?
71
Calculate the highest common factor of 366 and 8.
2
What is the greatest common factor of 1424 and 8?
8
What is the greatest common factor of 48 and 33?
3
What is the greatest common divisor of 1664 and 156?
52
Calculate the greatest common factor of 108 and 60.
12
Calculate the highest common divisor of 1681 and 205.
41
Calculate the highest common factor of 1957 and 103.
103
What is the highest common divisor of 1247 and 58?
29
Calculate the highest common divisor of 195 and 65.
65
What is the greatest common divisor of 1581 and 1377?
51
Calculate the greatest common divisor of 267 and 3.
3
What is the highest common factor of 55 and 1837?
11
Calculate the greatest common divisor of 88 and 24.
8
Calculate the highest common divisor of 324 and 180.
36
What is the greatest common divisor of 38 and 2?
2
What is the highest common divisor of 3332 and 2156?
196
What is the greatest common factor of 1098 and 162?
18
What is the greatest common factor of 75 and 125?
25
What is the greatest common factor of 56 and 1464?
8
Calculate the greatest common divisor of 82 and 2583.
41
What is the greatest common divisor of 296 and 222?
74
Calculate the greatest common divisor of 52 and 286.
26
What is the greatest common divisor of 115 and 483?
23
What is the greatest common divisor of 20 and 215?
5
What is the greatest common divisor of 432 and 11448?
216
What is the highest common divisor of 117 and 1014?
39
What is the highest common divisor of 204 and 12750?
102
Calculate the highest common factor of 6 and 1058.
2
Calculate the greatest common factor of 1148 and 56.
28
What is the greatest common divisor of 297 and 231?
33
What is the highest common divisor of 2 and 67?
1
What is the highest common factor of 385 and 154?
77
What is the greatest common divisor of 1150 and 92?
46
Calculate the greatest common divisor of 12 and 174.
6
Calculate the greatest common divisor of 72 and 384.
24
What is the highest common divisor of 10 and 640?
10
Calculate the greatest common factor of 28 and 44.
4
Calculate the greatest common factor of 2 and 694.
2
Calculate the highest common factor of 924 and 2478.
42
Calculate the highest common divisor of 572 and 312.
52
What is the highest common factor of 78 and 2834?
26
Calculate the highest common divisor of 962 and 26.
26
Calculate the greatest common divisor of 13848 and 120.
24
What is the highest common divisor of 185 and 5?
5
Calculate the highest common factor of 114 and 950.
38
What is the highest common divisor of 12 and 30402?
6
What is the greatest common factor of 6480 and 135?
135
Calculate the highest common factor of 1353 and 33.
33
What is the highest common factor of 8 and 424?
8
Calculate the greatest common divisor of 19 and 19.
19
What is the greatest common divisor of 1145 and 5?
5
What is the highest common divisor of 76 and 1064?
76
Calculate the highest common factor of 18318 and 1032.
258
What is the greatest common factor of 25395 and 3?
3
Calculate the highest common factor of 17 and 1700.
17
What is the greatest common factor of 728 and 56?
56
Calculate the greatest common factor of 5584 and 16.
16
Calculate the highest common factor of 30 and 780.
30
Calculate the highest common divisor of 307 and 16.
1
Calculate the greatest common divisor of 464 and 9512.
232
What is the highest common divisor of 192 and 36?
12
What is the highest common factor of 4399 and 83?
83
What is the greatest common divisor of 194 and 6?
2
What is the highest common divisor of 20 and 110?
10
Calculate the highest common divisor of 41 and 41.
41
What is the highest common factor of 27 and 1431?
27
Calculate the highest common divisor of 48 and 276.
12
Calculate the highest common factor of 128 and 3392.
64
Calculate the highest common divisor of 2992 and 204.
68
Calculate the greatest common divisor of 198 and 45.
9
What is the highest common divisor of 252 and 1239?
21
What is the greatest common divisor of 6161 and 183?
61
Calculate the highest common divisor of 377 and 522.
29
What is the highest common factor of 540 and 1188?
108
Calculate the highest common divisor of 1615 and 95.
95
What is the greatest common divisor of 49 and 693?
7
What is the highest common divisor of 5404 and 3667?
193
What is the highest common divisor of 86 and 946?
86
Calculate the highest common factor of 2465 and 87.
29
What is the greatest common divisor of 3289 and 143?
143
What is the greatest common divisor of 1625 and 2000?
125
What is the highest common divisor of 130 and 52?
26
Calculate the highest common divisor of 737 and 67.
67
What is the greatest common factor of 33 and 6?
3
Calculate the greatest common factor of 84 and 4428.
12
Calculate the highest common factor of 209 and 95.
19
What is the greatest common divisor of 5000 and 450?
50
Calculate the greatest common divisor of 847 and 429.
11
What is the highest common factor of 1378 and 212?
106
What is the highest common factor of 18 and 4?
2
Calculate the greatest common factor of 133 and 380.
19
What is the greatest common factor of 88 and 55?
11
What is the greatest common divisor of 60 and 195?
15
Calculate the highest common factor of 252 and 144.
36
Calculate the greatest common divisor of 105 and 30.
15
What is the highest common factor of 528 and 240?
48
What is the highest common factor of 68 and 289?
17
Calculate the greatest common factor of 104 and 13.
13
Calculate the greatest common factor of 29322 and 162.
162
Calculate the highest common divisor of 8 and 712.
8
What is the highest common factor of 256 and 14048?
32
What is the greatest common factor of 145 and 58?
29
Calculate the greatest common divisor of 3 and 11.
1
What is the highest common factor of 1445 and 85?
85
What is the greatest common factor of 10 and 54?
2
Calculate the greatest common factor of 22 and 2266.
22
Calculate the greatest common factor of 2299 and 33.
11
Calculate the highest common factor of 405 and 261.
9
What is the highest common factor of 20 and 1396?
4
What is the greatest common factor of 4 and 196?
4
Calculate the highest common divisor of 832 and 1495.
13
What is the greatest common divisor of 15 and 1545?
15
What is the greatest common divisor of 6 and 4?
2
What is the greatest common divisor of 9 and 32517?
9
What is the greatest common factor of 2894 and 2?
2
What is the greatest common divisor of 47943 and 63?
63
What is the greatest common divisor of 126 and 252?
126
Calculate the highest common factor of 108 and 24.
12
What is the greatest common divisor of 8 and 5?
1
Calculate the highest common divisor of 156 and 1482.
78
Calculate the highest common divisor of 300 and 700.
100
Calculate the greatest common factor of 350 and 1365.
35
Calculate the highest common factor of 52 and 1417.
13
What is the highest common divisor of 15 and 4680?
15
Calculate the greatest common factor of 472 and 45076.
236
Calculate the greatest common factor of 84 and 40236.
84
Calculate the highest common divisor 